{"id":131343,"date":"2026-08-28T13:02:04","date_gmt":"2026-08-28T13:02:04","guid":{"rendered":"https:\/\/yubabikes.eu\/faq\/qual-e-la-capacita-della-batteria-del-mini-boda-boda-e-la-sua-autonomia\/"},"modified":"2026-08-28T13:02:04","modified_gmt":"2026-08-28T13:02:04","password":"","slug":"qual-e-la-capacita-della-batteria-del-mini-boda-boda-e-la-sua-autonomia","status":"publish","type":"docs","link":"https:\/\/yubabikes.eu\/it\/faq\/qual-e-la-capacita-della-batteria-del-mini-boda-boda-e-la-sua-autonomia\/","title":{"rendered":"Qual \u00e8 la capacit\u00e0 della batteria del mini Boda Boda e la sua autonomia?"},"content":{"rendered":"<p>Questo modello \u00e8 dotato di una performante batteria Bosch PowerTube da 500 Wh. \u00c8 alloggiata con la massima discrezione all&#8217;interno del telaio in alluminio per offrirti un design pulito e la massima protezione contro gli urti. Per quanto riguarda l&#8217;autonomia, non esiste una formula magica. Il tuo raggio d&#8217;azione varia da un viaggio all&#8217;altro in base all&#8217;ambiente e al tuo stile di guida: L&#8217;assistenza selezionata: Utilizzare costantemente la modalit\u00e0 Turbo richieder\u00e0 molta pi\u00f9 energia alla batteria rispetto a una guida fluida ed economica in modalit\u00e0 Eco. Il carico a bordo: Viaggiare a vuoto richiede meno sforzo al motore Bosch rispetto a portare tuo figlio a scuola con la cartella e la spesa della settimana. Il dislivello del percorso: Le salite ripetute e le partenze in pendenza consumano molta pi\u00f9 energia rispetto a una pedalata fluida in pianura. Il meteo del giorno: Le celle della batteria sono sensibili alle temperature estreme. In pieno inverno, il freddo intenso riduce temporaneamente l&#8217;autonomia complessiva. Il tuo ritmo di pedalata: Mantenere una cadenza di pedalata fluida e dinamica alleggerisce notevolmente l&#8217;assistenza elettrica e aumenta il numero di chilometri disponibili. Lo stato della strada: Sfrecciare in citt\u00e0 su un asfalto perfettamente liscio consuma meno rispetto a pedalare sui ciottoli urbani o su sentieri sterrati. La velocit\u00e0 media: Mantenere un&#8217;andatura veloce per tutto il tragitto richiede un dispendio di energia elettrica pi\u00f9 sostenuto da parte del motore. La pressione degli pneumatici: Pneumatici da cargo ben gonfi riducono la resistenza al suolo, migliorano l&#8217;efficienza e risparmiano preziosi Wh. Il vento contrario: Un forte vento contrario agisce come una salita invisibile contro cui il motore deve lottare, aumentando i consumi. Il consiglio di Yuba: Per pianificare i tuoi tragitti quotidiani in famiglia senza sorprese, usa il simulatore ufficiale di autonomia Bosch eBike, accessibile direttamente dal nostro sito. Valuta i tuoi percorsi in tempo reale in base ai tuoi criteri!<\/p>\n","protected":false},"excerpt":{"rendered":"<p>Questo modello \u00e8 dotato di una performante batteria Bosch PowerTube da 500 Wh. \u00c8 alloggiata con la massima discrezione all&#8217;interno del telaio in alluminio per offrirti un design pulito e la massima protezione contro gli urti. Per quanto riguarda l&#8217;autonomia, non esiste una formula magica. Il tuo raggio d&#8217;azione varia da un viaggio all&#8217;altro in [&hellip;]<\/p>\n","protected":false},"author":3,"featured_media":0,"comment_status":"","ping_status":"closed","template":"","meta":{"_acf_changed":false,"om_disable_all_campaigns":false,"inline_featured_image":false,"footnotes":""},"doc_category":[751],"doc_tag":[],"class_list":["post-131343","docs","type-docs","status-publish","hentry","doc_category-mini-boda-boda-3"],"acf":[],"year_month":"2026-09","word_count":307,"total_views":0,"reactions":{"happy":0,"normal":0,"sad":0},"author_info":{"name":"hugomfx_bikQ","author_nicename":"hugomfx_bikq","author_url":"https:\/\/yubabikes.eu\/it\/blog\/author\/hugomfx_bikq\/"},"doc_category_info":[{"term_name":"mini Boda Boda","term_url":"https:\/\/yubabikes.eu\/it\/faq\/mini-boda-boda-3\/"}],"doc_tag_info":[],"yoast_head":"<!-- This site is optimized with the Yoast SEO plugin v28.0 - https:\/\/yoast.com\/product\/yoast-seo-wordpress\/ -->\n<title>Qual \u00e8 la capacit\u00e0 della batteria del mini Boda Boda e la sua autonomia? | Yubabikes<\/title>\n<meta name=\"robots\" content=\"index, follow, max-snippet:-1, max-image-preview:large, max-video-preview:-1\" \/>\n<link rel=\"canonical\" href=\"https:\/\/yubabikes.eu\/it\/faq\/qual-e-la-capacita-della-batteria-del-mini-boda-boda-e-la-sua-autonomia\/\" \/>\n<meta property=\"og:locale\" content=\"it_IT\" \/>\n<meta property=\"og:type\" content=\"article\" \/>\n<meta property=\"og:title\" content=\"Qual \u00e8 la capacit\u00e0 della batteria del mini Boda Boda e la sua autonomia? | Yubabikes\" \/>\n<meta property=\"og:description\" content=\"Questo modello \u00e8 dotato di una performante batteria Bosch PowerTube da 500 Wh. \u00c8 alloggiata con la massima discrezione all&#8217;interno del telaio in alluminio per offrirti un design pulito e la massima protezione contro gli urti. Per quanto riguarda l&#8217;autonomia, non esiste una formula magica. Il tuo raggio d&#8217;azione varia da un viaggio all&#8217;altro in [&hellip;]\" \/>\n<meta property=\"og:url\" content=\"https:\/\/yubabikes.eu\/it\/faq\/qual-e-la-capacita-della-batteria-del-mini-boda-boda-e-la-sua-autonomia\/\" \/>\n<meta property=\"og:site_name\" content=\"Yubabikes\" \/>\n<meta property=\"og:image\" content=\"https:\/\/yubabikes.eu\/wp-content\/uploads\/2025\/01\/social-graph-1200-x-675px-1.png\" \/>\n\t<meta property=\"og:image:width\" content=\"1200\" \/>\n\t<meta property=\"og:image:height\" content=\"675\" \/>\n\t<meta property=\"og:image:type\" content=\"image\/png\" \/>\n<meta name=\"twitter:card\" content=\"summary_large_image\" \/>\n<meta name=\"twitter:label1\" content=\"Tempo di lettura stimato\" \/>\n\t<meta name=\"twitter:data1\" content=\"2 minuto\" \/>\n<script type=\"application\/ld+json\" class=\"yoast-schema-graph\">{\"@context\":\"https:\\\/\\\/schema.org\",\"@graph\":[{\"@type\":\"WebPage\",\"@id\":\"https:\\\/\\\/yubabikes.eu\\\/it\\\/faq\\\/qual-e-la-capacita-della-batteria-del-mini-boda-boda-e-la-sua-autonomia\\\/\",\"url\":\"https:\\\/\\\/yubabikes.eu\\\/it\\\/faq\\\/qual-e-la-capacita-della-batteria-del-mini-boda-boda-e-la-sua-autonomia\\\/\",\"name\":\"Qual \u00e8 la capacit\u00e0 della batteria del mini Boda Boda e la sua autonomia? | Yubabikes\",\"isPartOf\":{\"@id\":\"https:\\\/\\\/yubabikes.eu\\\/it\\\/#website\"},\"datePublished\":\"2026-08-28T13:02:04+00:00\",\"breadcrumb\":{\"@id\":\"https:\\\/\\\/yubabikes.eu\\\/it\\\/faq\\\/qual-e-la-capacita-della-batteria-del-mini-boda-boda-e-la-sua-autonomia\\\/#breadcrumb\"},\"inLanguage\":\"it-IT\",\"potentialAction\":[{\"@type\":\"ReadAction\",\"target\":[\"https:\\\/\\\/yubabikes.eu\\\/it\\\/faq\\\/qual-e-la-capacita-della-batteria-del-mini-boda-boda-e-la-sua-autonomia\\\/\"]}]},{\"@type\":\"BreadcrumbList\",\"@id\":\"https:\\\/\\\/yubabikes.eu\\\/it\\\/faq\\\/qual-e-la-capacita-della-batteria-del-mini-boda-boda-e-la-sua-autonomia\\\/#breadcrumb\",\"itemListElement\":[{\"@type\":\"ListItem\",\"position\":1,\"name\":\"Home\",\"item\":\"https:\\\/\\\/yubabikes.eu\\\/it\\\/\"},{\"@type\":\"ListItem\",\"position\":2,\"name\":\"faq\",\"item\":\"https:\\\/\\\/yubabikes.eu\\\/it\\\/faq\\\/\"},{\"@type\":\"ListItem\",\"position\":3,\"name\":\"Qual \u00e8 la capacit\u00e0 della batteria del mini Boda Boda e la sua autonomia?\"}]},{\"@type\":\"WebSite\",\"@id\":\"https:\\\/\\\/yubabikes.eu\\\/it\\\/#website\",\"url\":\"https:\\\/\\\/yubabikes.eu\\\/it\\\/\",\"name\":\"Yuba Cargo Bikes\",\"description\":\"Yuba - Cargo Bicycles For Families and Businesses\",\"alternateName\":\"Yuba Bikes\",\"potentialAction\":[{\"@type\":\"SearchAction\",\"target\":{\"@type\":\"EntryPoint\",\"urlTemplate\":\"https:\\\/\\\/yubabikes.eu\\\/it\\\/?s={search_term_string}\"},\"query-input\":{\"@type\":\"PropertyValueSpecification\",\"valueRequired\":true,\"valueName\":\"search_term_string\"}}],\"inLanguage\":\"it-IT\"}]}<\/script>\n<!-- \/ Yoast SEO plugin. -->","yoast_head_json":{"title":"Qual \u00e8 la capacit\u00e0 della batteria del mini Boda Boda e la sua autonomia? | Yubabikes","robots":{"index":"index","follow":"follow","max-snippet":"max-snippet:-1","max-image-preview":"max-image-preview:large","max-video-preview":"max-video-preview:-1"},"canonical":"https:\/\/yubabikes.eu\/it\/faq\/qual-e-la-capacita-della-batteria-del-mini-boda-boda-e-la-sua-autonomia\/","og_locale":"it_IT","og_type":"article","og_title":"Qual \u00e8 la capacit\u00e0 della batteria del mini Boda Boda e la sua autonomia? | Yubabikes","og_description":"Questo modello \u00e8 dotato di una performante batteria Bosch PowerTube da 500 Wh. \u00c8 alloggiata con la massima discrezione all&#8217;interno del telaio in alluminio per offrirti un design pulito e la massima protezione contro gli urti. Per quanto riguarda l&#8217;autonomia, non esiste una formula magica. Il tuo raggio d&#8217;azione varia da un viaggio all&#8217;altro in [&hellip;]","og_url":"https:\/\/yubabikes.eu\/it\/faq\/qual-e-la-capacita-della-batteria-del-mini-boda-boda-e-la-sua-autonomia\/","og_site_name":"Yubabikes","og_image":[{"width":1200,"height":675,"url":"https:\/\/yubabikes.eu\/wp-content\/uploads\/2025\/01\/social-graph-1200-x-675px-1.png","type":"image\/png"}],"twitter_card":"summary_large_image","twitter_misc":{"Tempo di lettura stimato":"2 minuto"},"schema":{"@context":"https:\/\/schema.org","@graph":[{"@type":"WebPage","@id":"https:\/\/yubabikes.eu\/it\/faq\/qual-e-la-capacita-della-batteria-del-mini-boda-boda-e-la-sua-autonomia\/","url":"https:\/\/yubabikes.eu\/it\/faq\/qual-e-la-capacita-della-batteria-del-mini-boda-boda-e-la-sua-autonomia\/","name":"Qual \u00e8 la capacit\u00e0 della batteria del mini Boda Boda e la sua autonomia? | Yubabikes","isPartOf":{"@id":"https:\/\/yubabikes.eu\/it\/#website"},"datePublished":"2026-08-28T13:02:04+00:00","breadcrumb":{"@id":"https:\/\/yubabikes.eu\/it\/faq\/qual-e-la-capacita-della-batteria-del-mini-boda-boda-e-la-sua-autonomia\/#breadcrumb"},"inLanguage":"it-IT","potentialAction":[{"@type":"ReadAction","target":["https:\/\/yubabikes.eu\/it\/faq\/qual-e-la-capacita-della-batteria-del-mini-boda-boda-e-la-sua-autonomia\/"]}]},{"@type":"BreadcrumbList","@id":"https:\/\/yubabikes.eu\/it\/faq\/qual-e-la-capacita-della-batteria-del-mini-boda-boda-e-la-sua-autonomia\/#breadcrumb","itemListElement":[{"@type":"ListItem","position":1,"name":"Home","item":"https:\/\/yubabikes.eu\/it\/"},{"@type":"ListItem","position":2,"name":"faq","item":"https:\/\/yubabikes.eu\/it\/faq\/"},{"@type":"ListItem","position":3,"name":"Qual \u00e8 la capacit\u00e0 della batteria del mini Boda Boda e la sua autonomia?"}]},{"@type":"WebSite","@id":"https:\/\/yubabikes.eu\/it\/#website","url":"https:\/\/yubabikes.eu\/it\/","name":"Yuba Cargo Bikes","description":"Yuba - Cargo Bicycles For Families and Businesses","alternateName":"Yuba Bikes","potentialAction":[{"@type":"SearchAction","target":{"@type":"EntryPoint","urlTemplate":"https:\/\/yubabikes.eu\/it\/?s={search_term_string}"},"query-input":{"@type":"PropertyValueSpecification","valueRequired":true,"valueName":"search_term_string"}}],"inLanguage":"it-IT"}]}},"knowledge_base_info":[],"knowledge_base_slug":[],"_links":{"self":[{"href":"https:\/\/yubabikes.eu\/it\/wp-json\/wp\/v2\/docs\/131343","targetHints":{"allow":["GET"]}}],"collection":[{"href":"https:\/\/yubabikes.eu\/it\/wp-json\/wp\/v2\/docs"}],"about":[{"href":"https:\/\/yubabikes.eu\/it\/wp-json\/wp\/v2\/types\/docs"}],"author":[{"embeddable":true,"href":"https:\/\/yubabikes.eu\/it\/wp-json\/wp\/v2\/users\/3"}],"replies":[{"embeddable":true,"href":"https:\/\/yubabikes.eu\/it\/wp-json\/wp\/v2\/comments?post=131343"}],"version-history":[{"count":0,"href":"https:\/\/yubabikes.eu\/it\/wp-json\/wp\/v2\/docs\/131343\/revisions"}],"wp:attachment":[{"href":"https:\/\/yubabikes.eu\/it\/wp-json\/wp\/v2\/media?parent=131343"}],"wp:term":[{"taxonomy":"doc_category","embeddable":true,"href":"https:\/\/yubabikes.eu\/it\/wp-json\/wp\/v2\/doc_category?post=131343"},{"taxonomy":"doc_tag","embeddable":true,"href":"https:\/\/yubabikes.eu\/it\/wp-json\/wp\/v2\/doc_tag?post=131343"}],"curies":[{"name":"wp","href":"https:\/\/api.w.org\/{rel}","templated":true}]}}

Qual è la capacità della batteria del mini Boda Boda e la sua autonomia?

<p>Questo modello è dotato di una performante batteria Bosch PowerTube da 500 Wh. È alloggiata con la massima discrezione all&#8217;interno del telaio in alluminio per offrirti un design pulito e la massima protezione contro gli urti. Per quanto riguarda l&#8217;autonomia, non esiste una formula magica. Il tuo raggio d&#8217;azione varia da un viaggio all&#8217;altro in base all&#8217;ambiente e al tuo stile di guida: L&#8217;assistenza selezionata: Utilizzare costantemente la modalità Turbo richiederà molta più energia alla batteria rispetto a una guida fluida ed economica in modalità Eco. Il carico a bordo: Viaggiare a vuoto richiede meno sforzo al motore Bosch rispetto a portare tuo figlio a scuola con la cartella e la spesa della settimana. Il dislivello del percorso: Le salite ripetute e le partenze in pendenza consumano molta più energia rispetto a una pedalata fluida in pianura. Il meteo del giorno: Le celle della batteria sono sensibili alle temperature estreme. In pieno inverno, il freddo intenso riduce temporaneamente l&#8217;autonomia complessiva. Il tuo ritmo di pedalata: Mantenere una cadenza di pedalata fluida e dinamica alleggerisce notevolmente l&#8217;assistenza elettrica e aumenta il numero di chilometri disponibili. Lo stato della strada: Sfrecciare in città su un asfalto perfettamente liscio consuma meno rispetto a pedalare sui ciottoli urbani o su sentieri sterrati. La velocità media: Mantenere un&#8217;andatura veloce per tutto il tragitto richiede un dispendio di energia elettrica più sostenuto da parte del motore. La pressione degli pneumatici: Pneumatici da cargo ben gonfi riducono la resistenza al suolo, migliorano l&#8217;efficienza e risparmiano preziosi Wh. Il vento contrario: Un forte vento contrario agisce come una salita invisibile contro cui il motore deve lottare, aumentando i consumi. Il consiglio di Yuba: Per pianificare i tuoi tragitti quotidiani in famiglia senza sorprese, usa il simulatore ufficiale di autonomia Bosch eBike, accessibile direttamente dal nostro sito. Valuta i tuoi percorsi in tempo reale in base ai tuoi criteri!</p>

<p>Questo modello è dotato di una performante batteria Bosch PowerTube da 500 Wh. È alloggiata con la massima discrezione all&#8217;interno del telaio in alluminio per offrirti un design pulito e la massima protezione contro gli urti. Per quanto riguarda l&#8217;autonomia, non esiste una formula magica. Il tuo raggio d&#8217;azione varia da un viaggio all&#8217;altro in [&hellip;]</p>

<!-- This site is optimized with the Yoast SEO plugin v28.0 - https://yoast.com/product/yoast-seo-wordpress/ -->
<title>Qual è la capacità della batteria del mini Boda Boda e la sua autonomia? | Yubabikes</title>
<meta name="robots" content="index, follow, max-snippet:-1, max-image-preview:large, max-video-preview:-1" />
<link rel="canonical" href="https://yubabikes.eu/it/faq/qual-e-la-capacita-della-batteria-del-mini-boda-boda-e-la-sua-autonomia/" />
<meta property="og:locale" content="it_IT" />
<meta property="og:type" content="article" />
<meta property="og:title" content="Qual è la capacità della batteria del mini Boda Boda e la sua autonomia? | Yubabikes" />
<meta property="og:description" content="Questo modello è dotato di una performante batteria Bosch PowerTube da 500 Wh. È alloggiata con la massima discrezione all&#8217;interno del telaio in alluminio per offrirti un design pulito e la massima protezione contro gli urti. Per quanto riguarda l&#8217;autonomia, non esiste una formula magica. Il tuo raggio d&#8217;azione varia da un viaggio all&#8217;altro in [&hellip;]" />
<meta property="og:url" content="https://yubabikes.eu/it/faq/qual-e-la-capacita-della-batteria-del-mini-boda-boda-e-la-sua-autonomia/" />
<meta property="og:site_name" content="Yubabikes" />
<meta property="og:image" content="https://yubabikes.eu/wp-content/uploads/2025/01/social-graph-1200-x-675px-1.png" />
	<meta property="og:image:width" content="1200" />
	<meta property="og:image:height" content="675" />
	<meta property="og:image:type" content="image/png" />
<meta name="twitter:card" content="summary_large_image" />
<meta name="twitter:label1" content="Tempo di lettura stimato" />
	<meta name="twitter:data1" content="2 minuto" />
<script type="application/ld+json" class="yoast-schema-graph">{"@context":"https:\/\/schema.org","@graph":[{"@type":"WebPage","@id":"https:\/\/yubabikes.eu\/it\/faq\/qual-e-la-capacita-della-batteria-del-mini-boda-boda-e-la-sua-autonomia\/","url":"https:\/\/yubabikes.eu\/it\/faq\/qual-e-la-capacita-della-batteria-del-mini-boda-boda-e-la-sua-autonomia\/","name":"Qual è la capacità della batteria del mini Boda Boda e la sua autonomia? | Yubabikes","isPartOf":{"@id":"https:\/\/yubabikes.eu\/it\/#website"},"datePublished":"2026-08-28T13:02:04+00:00","breadcrumb":{"@id":"https:\/\/yubabikes.eu\/it\/faq\/qual-e-la-capacita-della-batteria-del-mini-boda-boda-e-la-sua-autonomia\/#breadcrumb"},"inLanguage":"it-IT","potentialAction":[{"@type":"ReadAction","target":["https:\/\/yubabikes.eu\/it\/faq\/qual-e-la-capacita-della-batteria-del-mini-boda-boda-e-la-sua-autonomia\/"]}]},{"@type":"BreadcrumbList","@id":"https:\/\/yubabikes.eu\/it\/faq\/qual-e-la-capacita-della-batteria-del-mini-boda-boda-e-la-sua-autonomia\/#breadcrumb","itemListElement":[{"@type":"ListItem","position":1,"name":"Home","item":"https:\/\/yubabikes.eu\/it\/"},{"@type":"ListItem","position":2,"name":"faq","item":"https:\/\/yubabikes.eu\/it\/faq\/"},{"@type":"ListItem","position":3,"name":"Qual è la capacità della batteria del mini Boda Boda e la sua autonomia?"}]},{"@type":"WebSite","@id":"https:\/\/yubabikes.eu\/it\/#website","url":"https:\/\/yubabikes.eu\/it\/","name":"Yuba Cargo Bikes","description":"Yuba - Cargo Bicycles For Families and Businesses","alternateName":"Yuba Bikes","potentialAction":[{"@type":"SearchAction","target":{"@type":"EntryPoint","urlTemplate":"https:\/\/yubabikes.eu\/it\/?s={search_term_string}"},"query-input":{"@type":"PropertyValueSpecification","valueRequired":true,"valueName":"search_term_string"}}],"inLanguage":"it-IT"}]}</script>
<!-- / Yoast SEO plugin. -->

Qual è la capacità della batteria del mini Boda Boda e la sua autonomia? | Yubabikes

Questo modello è dotato di una performante batteria Bosch PowerTube da 500 Wh. È alloggiata con la massima discrezione all&#8217;interno del telaio in alluminio per offrirti un design pulito e la massima protezione contro gli urti. Per quanto riguarda l&#8217;autonomia, non esiste una formula magica. Il tuo raggio d&#8217;azione varia da un viaggio all&#8217;altro in [&hellip;]
